 the prime factors of t(-2)?
2
Let s(b) = -b**2 - 5*b + 1. Let m be s(-5). Let p(y) = 3*y**2 - 1. Let l be p(m). What are the prime factors of 15/(5 + -2)*l?
2, 5
Let z = 9 - -1. Let i = z + 8. Suppose i - 46 = -4*f. What are the prime factors of f?
7
Suppose 4*w + 0*i = i + 147, 5*w + 4*i = 210. What are the prime factors of w?
2, 19
Suppose -4*s - 3*i + 601 = 0, -3*s = -3*i - 523 + 46. What are the prime factors of s?
2, 7, 11
Let l(r) = -r. Let h(q) = 3*q**3 - 4*q**2 - 3*q - 1. Let v(g) = h(g) - 2*l(g). What are the prime factors of v(3)?
41
Suppose -h = -16 + 10. What are the prime factors of h?
2, 3
Suppose 0*p - 182 = -c + 3*p, 3*p = 12. What are the prime factors of c?
2, 97
Suppose 0*m - 3*m = -6. Suppose -3*b + 3*n + 15 = 0, 5*b - 21 = 3*n - 0*n. Suppose b*s = 4*t - 13, 2*t = -m*t - 4*s + 20. What are the prime factors of t?
2
Let l = -2 + 2. Suppose l = j - 23 - 14. What are the prime factors of j?
37
Let x(t) = -t**3 - 8*t**2 - 6*t + 8. Let n be x(-6). Let p = n - -57. List the prime factors of p.
29
What are the prime factors of (-4)/(-8)*46 - -2?
5
Let c be 1/4 + (-9)/36. Suppose 90 = 5*i - n - 4*n, c = -i + 5*n + 26. What are the prime factors of i?
2
Let n(q) = -q + 43. What are the prime factors of n(0)?
43
Let u = 8 + -4. Suppose u*m - 30 = -m. List the prime factors of m.
2, 3
Let z = -5 - -8. What are the prime factors of 2/3*z - -1?
3
Let r(j) = j**3 - 3*j**2 + 3. Let i be r(3). Let f = 1 - i. What are the prime factors of 2*5/(-4)*f?
5
Let m(v) = -25*v + 2. What are the prime factors of m(-1)?
3
Suppose w + 5 = 0, -3*d - 4*w + 20 = -2*w. What are the prime factors of ((-2)/3)/(d/(-135))?
3
Let g(m) = -m**3 + 7*m**2 + 5. Let j be g(7). Suppose 0 = -u - i + 6, 2*i + i - 24 = -j*u. Suppose -u*r - 57 = -6*r. List the prime factors of r.
19
Let l(u) = -u**2 + 18. Let x be (-3)/(-7) - (-3)/(-7). What are the prime factors of l(x)?
2, 3
What are the prime factors of 100/(-8)*(-18)/5?
3, 5
Let c be 1 - 2/(8/4). Suppose -5*t = -2*w - 65, -4*t - w = -c*t - 65. What are the prime factors of t?
3, 5
Let h(r) be the second derivative of r**5/20 - 3*r**4/2 + 19*r**3/6 - 2*r**2 + r. List the prime factors of h(17).
2, 3, 5
List the prime factors of ((-11 + 3)*-1)/((-2)/(-13)).
2, 13
Suppose 0*f + 8 = 2*f. Suppose -4*i + 156 = -f*u, -2*i + 64 = 3*u - 19. List the prime factors of i.
2, 5
Suppose -4*q + 5 = -2*q + n, 7 = 3*q + n. Let p be (3/q + -2)*-4. Suppose -p = -0*h - h. List the prime factors of h.
2
Let p = -86 - -362. What are the prime factors of p?
2, 3, 23
Let s be (-1)/(2 - 21/12). Let a(u) = -u**3 - 4*u**2 - 3*u + 3. What are the prime factors of a(s)?
3, 5
Let u = -40 + 72. Let z = -10 - -28. Let j = u - z. List the prime factors of j.
2, 7
List the prime factors of 1485/21 + 4/14.
71
Suppose 5*u - 21 = 59. Suppose 3*x - u - 5 = 0. List the prime factors of x.
7
Let p = -27 + 45. Suppose 3*c - 96 = p. List the prime factors of c/10 - (-2)/10.
2
Let o = -81 + 135. What are the prime factors of o?
2, 3
Suppose -43*o - 117 = -46*o. List the prime factors of o.
3, 13
Let z(y) = -y**2 - 6*y + 10. Let h be z(-7). Suppose 3*i = 5*b - 16, -b + 4 = 2*i + h*b. What are the prime factors of 2 - 0 - (-5 - i)?
5
Suppose 0 = -2*a + 209 + 161. List the prime factors of a.
5, 37
Suppose -5*m + 330 = 4*z + z, 3*m - 197 = -2*z. Suppose 6*v = 157 + m. List the prime factors of v.
37
Let h(w) = w**3 - 7*w**2 + 4*w + 1. What are the prime factors of h(7)?
29
Let o(i) = i**3 + 2*i**2 + i - 4. Let x be o(-3). Let l be 18/((-38)/x - 2). Suppose l = v + 3*v. What are the prime factors of v?
2, 3
Let v be (4 - 4)*(-1)/(-2). Suppose v = -3*y - 4 + 13. List the prime factors of y.
3
Suppose 6*r - 5*k = r - 5, -r - 2 = -2*k. Suppose r = i - 17 - 6. List the prime factors of i.
23
Let f(v) = -v. Let g be f(1). List the prime factors of (-3)/3*(g - 6).
7
Let i = 30 - 63. Let f = 47 + i. List the prime factors of f.
2, 7
Suppose 48 = 6*o + 2*o. List the prime factors of o.
2, 3
Let q be (190 - 0)*(-4)/(-8). Suppose -4*j + 9*j = q. List the prime factors of j.
19
Let i = 44 + -102. Let c = -36 - i. What are the prime factors of c?
2, 11
List the prime factors of (10/6*3)/(6 + -5).
5
Suppose -l + 5 = c, -c - 2*l + 6 = -0*l. Suppose 5*p = c*x + 92, 0 = -p + x + 3*x + 28. What are the prime factors of p?
2
Let o(k) = k**2 - 5*k + 8. Let g be o(6). List the prime factors of 80/g + (-2)/(-7).
2, 3
Let b(z) = z**3 - z**2 + z + 3. What are the prime factors of b(3)?
2, 3
Let v be 4 + (-23)/(-1)*1. Let i = -16 + v. List the prime factors of i.
11
Let k(w) = w**2 + 3*w. Let h be k(-3). Suppose 4*m + 5*t + h*t = 185, 3*m = -4*t + 140. Suppose 5*i - m = 5. What are the prime factors of i?
3
Let d = 23 - 6. List the prime factors of d.
17
Let d(g) = 10*g**2 - g. Suppose -5*n + 9 = 4*r - 0, 2*r - 2*n = 0. List the prime factors of d(r).
3
Suppose p + 100 = 274. List the prime factors of p.
2, 3, 29
Suppose -a - 45 = -3*w, -5*a + 28 = 3*w - 17. What are the prime factors of w?
3, 5
Let w = 31 + -53. Let q = w + 38. What are the prime factors of q?
2
Suppose 0 = -4*s - 19 - 5. Suppose 5*z - 15 = 25. Let c = z + s. What are the prime factors of c?
2
Suppose 5*y - 65 - 105 = 0. List the prime factors of y.
2, 17
Let r be (2/3)/(6/45). Let d(b) = b**2 - 3*b. List the prime factors of d(r).
2, 5
Let c(u) = -u**2 - 7*u + 21. What are the prime factors of c(-6)?
3
Suppose 2*x = 3*x - 54. What are the prime factors of x?
2, 3
Suppose 3*l - 8*l - 120 = 0. Let q = -19 - l. List the prime factors of q.
5
Let m(x) be the first derivative of -x**3/3 - x**2/2 + 5*x - 4. Let l be m(0). Suppose l = 3*k - 4. List the prime factors of k.
3
Let d = 2 + -5. Let w = 23 + d. What are the prime factors of w?
2, 5
List the prime factors of (-20)/(-100) - (-48)/10.
5
Let y = 41 + -19. What are the prime factors of y?
2, 11
Let h = 111 - 13. List the prime factors of h.
2, 7
Let j(n) = -n**3 - 10*n**2 - 13*n - 3. Let y be j(-9). Let v = y - 17. What are the prime factors of v?
2
Suppose 0 = 2*f - 0*f - 5*a - 335, -5*a = -3*f + 515. What are the prime factors of f?
2, 3, 5
Suppose 153 = 6*b - 123. What are the prime factors of b?
2, 23
Let h(s) = s - 5. Let l be h(6). Let i(m) = 24*m. Let z be i(l). Suppose 6*f - 2*f - z = 0. List the prime factors of f.
2, 3
Let l be (-2 - 0)*(-2)/(-2). Let g = 32 + l. Suppose d + 2*d = g. What are the prime factors of d?
2, 5
Let j = 4 - 2. Suppose 4*z + 8 = -5*x, z + 2*z = -j*x - 6. Suppose 2*p = -x*p + 4. List the prime factors of p.
2
Suppose 0 = d + 2*c + 4, 2*c + 0 = -10. Let i = 20 + d. List the prime factors of i.
2, 13
Let v be (4/(-6))/(10/(-75)). Suppose 0*s + s - 15 = -5*f, 33 = 2*f - v*s. Let z(o) = -o**2 + 7*o - 6. List the prime factors of z(f).
2, 3
Let p(q) = q**3 - q**2 - 3*q + 3. Let c be p(3). Let g = -6 + c. Suppose -g*s + 5*s = -11. List the prime factors of s.
11
Suppose 2*l - 4*l + 10 = 0. Suppose 0*y - 4*q + 126 = l*y, 3*q - 127 = -5*y. List the prime factors of y.
2, 13
Let w(p) = -7*p**3 - 9*p**2 + 3. Let g(z) = 11*z**3 + 13*z**2 - 4. Let f(t) = -5*g(t) - 8*w(t). What are the prime factors of f(-3)?
2
Suppose -m + 12*i + 7 = 7*i, 0 = m + 4*i - 43. What are the prime factors of m?
3
Suppose -y + 3*d = -2*d - 20, 5*d = -5*y - 20. Let k = 39 - y. Suppose 5*o = 2*o + k. List the prime factors of o.
13
Let u(v) = v**3 + 7*v**2 + 6*v + 6. Let a be 1/4*10*2. Suppose a*t = -22 - 8. List the prime factors of u(t).
2, 3
Let z(w) = w**3 - 5*w**2 - 6*w + 3. Let m be z(6). Suppose -20 = -f + 3*h, m*f = -2*f - 5*h + 80. Suppose -2*d = -3*d + f. What are the prime factors of d?
17
Suppose -199 = -2*t - 1. What are the prime factors of t?
3, 11
Let q be (-1)/2 - (-14)/4. Suppose 4*x - 4 - 10 = 2*l, -4*l = -q*x + 18. Suppose 3*j - 2*w - 20 = -w, 10 = -x*w. What are the prime factors of j?
5
Suppose -4*m + 46 = -h, 4*m - 4*h = -5*h + 42. Suppose 3*w - 14 = 2*j, -3*w + j - 2*j + m = 0. What are the prime factors of w?
2
Let v = 0 - 3. Let q = 5 + v. Suppose -5*b = -3*l - 50, 2*b + q*l = b + 10. List the prime factors of b.
2, 5
Suppose 3*g + 18 = 5*i + 4*g, -i - 5*g - 6 = 0. Let j = i - -13. List the prime factors of j.
17
Let a(o) = -o**3 - 5*o**2 - 7*o - 5. Let i be a(-4). List the prime factors of (-1)/((-14)/60)*i.
2, 3, 5
Let m(j) = j**2 - j - 1.